et s(n) = n**2 + 3*n + 4. Let i be s(-2). Suppose 3*f - 21 = -i*k + 5*k, 2*k - f + 13 = 0. What is the units digit of ((-12)/(-4))/(k/(-32))?
6
Suppose 0 = v + 2, -2*m - 5*v = 3*m - 5. Suppose -m*y - 4 = 5. What is the tens digit of (-2)/y + (-1352)/(-24)?
5
Let m(s) = 40*s**2 - s - 20. What is the thousands digit of m(-6)?
1
Suppose 5*o = 3*u + u + 66, -16 = -2*o - u. Suppose -2*b = -18 - o. Let c = b + -2. What is the units digit of c?
2
Let p = 685 - -3179. What is the thousands digit of p?
3
Suppose -5567 = -3*q - a, -q - 581 = -4*a - 2415. What is the units digit of q?
4
Suppose f = -2*f + 642. Suppose -f = -4*o + 30. What is the units digit of o?
1
Let j(z) = -15*z + 59. What is the tens digit of j(-27)?
6
Let n be (-15)/6*(-5 - -3). Suppose -3*x + 2*x = s - 11, 3*s - 53 = -n*x. Suppose -x*y = -14*y + 40. What is the units digit of y?
0
Let r(a) be the first derivative of -a**3/3 - 4*a**2 - 5*a + 6. Let u be r(-7). Suppose -12 = -3*v + u*v. What is the units digit of v?
2
Suppose -b = -2*b. Suppose -4*i - 80 - 288 = b. Let o = i + 137. What is the units digit of o?
5
Let k be (6/(-4))/((-6)/28). Let t = -22 + k. What is the tens digit of (-10)/t - (-28)/3?
1
Let w(b) = -14*b**2 + 7*b + 5. Let f be w(-4). What is the units digit of (-6)/21 + f/(-7)?
5
Suppose -2*h + 0*h = 2*b + 4, -5*b + 3*h = 18. Let m = -8 - b. Let c(v) = -2*v + 6. What is the tens digit of c(m)?
1
Let p = 498 - -132. Let a = p + -360. What is the units digit of a?
0
Let x be -1 - ((-1)/(1/13) - 1). Suppose 660 + 1875 = x*k. What is the hundreds digit of k?
1
Let s = 7364 + -4358. What is the hundreds digit of s?
0
Let a(y) = 17*y**2 + 5*y - 60. What is the thousands digit of a(11)?
2
Let s(j) = j**3 + 5*j**2 - 15*j - 7. Let i be s(-7). Suppose i = 11*k - 1259 - 974. What is the tens digit of k?
0
Let f(y) be the first derivative of -33*y**4/4 - 2*y**3/3 + y - 91. Let t(i) = i**3 + i**2 - i - 1. Let d be t(0). What is the units digit of f(d)?
2
What is the thousands digit of ((-46240)/(-25) - -3) + (-24)/(-60)?
1
Let n = 2053 + -986. What is the hundreds digit of n?
0
Suppose -3*l + 6*l = 1695. What is the units digit of l?
5
Let z = 351 + 421. Suppose -z + 3068 = 14*f. What is the hundreds digit of f?
1
Let j = 15 - 11. Suppose -4*i + 228 = -a, -i - 171 = -j*i - 3*a. Suppose -4*t + i = -55. What is the tens digit of t?
2
Suppose -w + 0*w = 7. Suppose k = 5*k - 48. Let z = k + w. What is the units digit of z?
5
Suppose -63 = -3*x - 2*y, -2*y + 109 - 4 = 5*x. Let w = -59 + x. What is the units digit of (-4)/(-6) + w/(-6)?
7
Let d(y) = -67*y - 46. What is the hundreds digit of d(-6)?
3
Let r(t) = 5*t**3 - t**2 - 24. Let b(i) = -4*i**3 + i**2 + 24. Let w(p) = 6*b(p) + 5*r(p). What is the units digit of w(0)?
4
Suppose 0 = -5*q - 3*i + 2730, 11*q - 546 = 10*q - i. What is the units digit of q?
6
Let s(v) = 7*v**2 + 9*v + 22. What is the tens digit of s(-9)?
0
Let m = 5591 + -1147. What is the thousands digit of m?
4
Suppose 993 = -10*l + 93. What is the units digit of (-1699)/(-9) + 2 - 20/l?
1
Suppose 33*s = 37*s - 3744. What is the tens digit of s?
3
Suppose -16*d - 16 = -20*d. Let x(i) = -i + 1. Let m be x(-1). Suppose m*f - 5*j = 74, -d*j + 0*j = -3*f + 104. What is the units digit of f?
2
Let n be (-2)/6*726/(-2). Let z = n - 59. What is the tens digit of z?
6
Suppose j + 2*j = -4*p - 9, 5*j - 17 = 4*p. What is the units digit of 31/j + -2 + -4?
5
Let g = 532 + -155. What is the tens digit of g?
7
Suppose -9*j + 288 = -6*j. Let z = -39 + j. What is the tens digit of z?
5
Suppose -b = -5*w - 270, 0*b - w = -b + 290. What is the hundreds digit of b?
2
Let q = 14 - -11. Let a = q + -1. What is the tens digit of a?
2
Let a be 1*(-3 - -2) + 2. Suppose 15 = -4*x - a. What is the units digit of (x/2)/((-4)/40)?
0
Let g(u) = u**3 - 3*u**2 + 5. Let f be g(3). Suppose 4 = -2*k, -t = -6*t - f*k + 190. What is the units digit of t?
0
Let c(h) = -h**3 + 3*h**2 + 8*h - 4. Suppose -7*x - 21 - 7 = 0. What is the tens digit of c(x)?
7
What is the units digit of 11606/(-2)*(-11)/77?
9
Suppose -7*a + 4*a = 0, -n - 2*a = -6. Let f(b) = -b**3 + 7*b**2 - 2*b - 2. Let l be f(n). Suppose 0 = 4*t - 2*t - l. What is the tens digit of t?
1
Let o(y) be the third derivative of -y**6/120 + y**5/6 + y**4/8 + 19*y**3/6 - 15*y**2. What is the hundreds digit of o(9)?
1
Suppose -63 = 8*v - 15*v. Let c(g) = -g**3 + 9*g**2 + 8*g - 20. What is the units digit of c(v)?
2
Let a = -46 + 46. Suppose a = 6*z - 87 - 207. What is the units digit of z?
9
Let b be (-28)/(-35) + 968/40. Suppose 0 = -4*g + 5*a + 9, -3*g + 3*a + 0 = -9. Let r = b - g. What is the tens digit of r?
1
Suppose -6 = -5*z + 3*z. Suppose -2*n + 8 = b, -b - b + 12 = 3*n. Suppose -145 = -2*p - o, -n*p + z*o - o + 302 = 0. What is the units digit of p?
4
Suppose -3*n - 3*f + 18 = -2*n, 0 = -4*n + 3*f - 3. Suppose 0 = -2*h - n*h. Suppose 20*w - 16*w - 160 = h. What is the units digit of w?
0
Let a(m) = -m**3 + 76*m**2 - 146*m + 149. What is the hundreds digit of a(74)?
2
Let z = 1306 - 1270. What is the tens digit of z?
3
Suppose -2*w + 15 = 3*w. Let d(u) = 4*u**3 + u**2 + 2. Let q(l) = -5*l**3 - 2*l**2 + l - 3. Let s(f) = w*d(f) + 2*q(f). What is the units digit of s(2)?
6
Let q(c) = 364*c + 5. What is the tens digit of q(1)?
6
Let c(y) = y + 17. Let q be c(-14). Suppose q*w - 5 = -0*j - j, -w = 3*j - 7. Let h = 7 + w. What is the units digit of h?
8
Suppose 0*k + 0*k = 4*k. Suppose k = -7*a + a + 660. What is the units digit of a?
0
Let i = -2297 - -2410. What is the hundreds digit of i?
1
Let o(d) = -38*d + 46. What is the tens digit of o(-6)?
7
Let k be -43 - ((-3)/(-1) - 4). Let b = k - -62. Let j = b + -16. What is the units digit of j?
4
Let f be 0 + 59 + (-6 - -2). Suppose 3*c - 247 = -f. What is the units digit of c?
4
Suppose 77*y - 85*y + 3464 = 0. What is the units digit of y?
3
Let l = -123 - -623. What is the tens digit of l?
0
Let h(b) = 3*b**2 + b - 5. Let g be 3/(4/(-8)*-3). Let v be h(g). Let z(f) = 4*f - 3. What is the units digit of z(v)?
3
Let v = 20 - 15. Let g(w) = -w**3 + 5*w**2 + 5*w - 10. Let t be g(v). What is the tens digit of (-168)/15*t/(-6)?
2
Suppose -t - 1 = -2. Let a(i) = 31*i + 1. What is the tens digit of a(t)?
3
Let c = 11 - 11. Suppose -4*u - q - q = -10, c = 3*u + 3*q - 12. Suppose -u = 3*y - 58. What is the tens digit of y?
1
Let l(n) = -n**3 + 46 + n**2 - 4*n - 2*n**2 + 6*n. Let u(c) = c**3 - 35*c**2 + c - 35. Let s be u(35). What is the units digit of l(s)?
6
Suppose 7*w - 35236 = -16*w. What is the units digit of w?
2
Suppose 4*x + 980 = -11*d + 13*d, -2*d + 972 = -2*x. What is the tens digit of d?
8
Let z(a) = -11*a**3 + 3*a**2 + 7*a - 19. Let g(y) = 4*y**3 - y**2 - 2*y + 6. Let h(b) = 7*g(b) + 2*z(b). What is the units digit of h(2)?
8
Suppose -4*p + 3*u + 12 = 0, -2*p + 0*p + 6 = 3*u. Suppose -p*v + 167 = -52. What is the units digit of v?
3
Let w be (-80*1)/(-2) - -2. Let b(i) = -i**3 - 29*i**2 - 52*i + 36. Let p be b(-27). Let h = p + w. What is the tens digit of h?
2
Let c = -27 - -27. Suppose 3*t + 3*t - 462 = c. What is the units digit of t?
7
Let g = 5471 + -3260. What is the tens digit of g?
1
Let c(i) = -12*i - 359. What is the units digit of c(-56)?
3
Suppose l + 3*i - 7*i + 40 = 0, 2*i = -3*l - 176. What is the tens digit of ((-33)/(-44))/((-2)/l)?
2
Suppose -v - 3 = -115. Let r = v - -102. What is the tens digit of r?
1
Suppose -5*w + 2006 + 1409 = 0. What is the tens digit of w?
8
Let l = 32 - 17. Let i be l*(4 + (-56)/12). What is the units digit of (-33 - i)/((-1)/2)?
6
Suppose -2*d - 5 + 1 = 0. Let z be (7 - 2)*(3 + d). Suppose -g - 68 = -z*g. What is the tens digit of g?
1
Suppose -20 = 2*a + 8. Let k(x) = -7*x - 38. What is the units digit of k(a)?
0
Suppose 0 = -3*z - 6, -3*z = 4*y - 0*y + 30. What is the units digit of y/(-4)*60/45?
2
Let n = -5 - -8. Let m(y) = -y**3 + y**2 + 3*y + 3. Let z be m(-1). Suppose 2*v = u - n, -5*u = -z*v - 29 - 26. What is the units digit of u?
3
Let j = -1 + 6. Let c be 255/j - (-2)/2. What is the tens digit of (-903)/(-39) + (-8)/c?
2
Let y(h) = -h**3 - 23*h**2 + 24*h + 7. Let z be y(-24). Suppose 0 = 2*x - z*x + 1310. What is the hundreds digit of x?
2
Suppose 5*s + 3*n - 442 = -0*s, 3*s + 5*n = 262. Suppose -3*k + 142 - 7 = 0. Let m = s - k. W